 2/5 - (8 + (-1338)/30). Calculate the greatest common divisor of w and 703.
37
Suppose 5*z + 4*q - 36 = 2*z, q + 83 = 5*z. Let s(a) = -a**2 + 3*a + 2. Let i be s(3). Calculate the greatest common factor of i and z.
2
Let b be (-30)/30*(2 - (41 - 2)). Calculate the greatest common factor of 1 and b.
1
Let w(x) = 2*x**2 - 5*x - 6. Let l be w(-6). Suppose -k + l = k. Suppose 2*r + 10 - k = -2*b, 4*r = -2*b + 34. What is the greatest common factor of b and 189?
21
Suppose -2*s = 9*s - 33. Calculate the highest common divisor of s and 225.
3
Suppose 6*i = 2*i + 8. Let g = 166 + -152. What is the greatest common divisor of i and g?
2
Suppose 0 = 3*a - 6*a + 9. Let x = 2824 + -1824. Suppose -2*n - a*n + x = 0. Calculate the greatest common factor of 25 and n.
25
Suppose -14 = -y - 3*d, 0 = 5*y + 3*d + 10 - 92. What is the highest common divisor of 1 and y?
1
Let r(q) = -q**3 + 6*q**2 - 4*q + 6. Let a be r(5). Let f(x) = x**3 - 11*x**2 + 5*x - 7. Let c be f(a). Calculate the highest common divisor of c and 16.
16
Suppose 2*p + 2*u + 144 = 6*u, 2*p + 3*u = -144. Let q = 148 + p. Calculate the highest common divisor of q and 190.
38
Suppose 0 = -3*c - 80 + 89. What is the greatest common divisor of c and 267?
3
Let y(f) = f**3 - 32*f**2 + 32*f - 19. Let b = 154 + -123. Let l be y(b). What is the greatest common divisor of 8 and l?
4
Suppose 786 = 283*i - 277*i. Calculate the highest common divisor of 1 and i.
1
Suppose 39*n = 207 + 3342. Calculate the greatest common divisor of n and 21.
7
Let o(y) = 2*y. Let f be o(7). What is the highest common divisor of 854 and f?
14
Let x(z) = z**2 + 6*z + 5. Let v be x(-5). Suppose v*y - y = 0. Suppose y = 2*u - 10 - 20. Calculate the highest common divisor of 3 and u.
3
Let c = -173 - 16. Let q = -96 - c. Calculate the greatest common divisor of q and 31.
31
Let j(u) = u. Let l(x) = 12*x**3 + 2*x**2 + x - 3. Let c be l(1). Let v be j(c). Calculate the highest common divisor of 24 and v.
12
Let f = -383 - -461. Calculate the greatest common factor of 18 and f.
6
Let o = -1452 - -1452. Suppose 4*b - 2 = 18. Suppose -2*k - 40 = -b*h, -k = -3*h - o*k + 25. Calculate the greatest common divisor of h and 30.
10
Let l be (-5)/20 + 578/8. Suppose 318*k - 8 = 317*k. Calculate the greatest common factor of k and l.
8
Suppose -4*s - 2*f = -304, -f = 4*s - 37 - 267. What is the highest common divisor of 114 and s?
38
Let k = -1000 - -1440. What is the highest common factor of 80 and k?
40
Let f(i) = 21*i**2 - 79*i + 499. Let w be f(7). What is the highest common divisor of 300 and w?
75
Let u(y) = -50*y - 559. Let h be u(-18). What is the greatest common factor of 33 and h?
11
Let v = 4 - 4. Suppose v*u - 5*y = u - 48, 124 = 5*u - 4*y. Suppose -122 + 234 = 4*a. What is the highest common factor of a and u?
28
Let y be 45 + 21 + -22 + 5 + -1. What is the greatest common factor of y and 56?
8
Let k = -159 + 166. Calculate the greatest common factor of k and 301.
7
Suppose 5*v = 20, 2*m = 5*v - 33 + 117. Let w be (44 + 0)*1/4. Let d = w + m. Calculate the greatest common divisor of d and 7.
7
Suppose 4*z = -5 + 1. Let w(p) = 165*p**2. Let k be w(z). What is the greatest common divisor of 33 and k?
33
Let u = 1299 - 1207. What is the greatest common divisor of 46 and u?
46
Suppose -704 = 4*o - 8*o. Let r = 251 - o. Let z = -38 - -68. Calculate the highest common factor of z and r.
15
Let r(s) = -s. Let l(w) = -w**2 + 12*w + 8. Let t(q) = l(q) - 3*r(q). Let k be t(15). What is the highest common factor of 4 and k?
4
Let d(w) = -w - 7. Let u be d(-5). Let c be (-16)/(16/(-7) - u). Suppose 0 = -3*a + 4*a - 8. What is the greatest common factor of c and a?
8
Let w = -192 - -199. What is the highest common divisor of 7 and w?
7
Let s(z) = 2*z**2 + 4*z - 4. Let v be s(1). Suppose -5*g = -2*a - 105, -3*g - v*a + 102 = g. Let b = 90 - -2. What is the highest common divisor of g and b?
23
Suppose 3*m = -0*h + 5*h + 3018, -4*m = h - 4001. Suppose 0 = -89*s + 96*s - m. What is the highest common factor of s and 26?
13
Let l = -60 + 36. Let x be (-184)/l - 2/(-6). Let u = x - -7. Calculate the highest common divisor of 45 and u.
15
Let z = -377 + 392. What is the greatest common divisor of z and 75?
15
Let w(b) = 5*b - 148. Let z be w(32). Let x = 55 - 39. Calculate the greatest common factor of x and z.
4
Let f = -77 + 83. Suppose 63 = 3*h + f*a - 2*a, -6 = 2*a. Calculate the highest common divisor of h and 50.
25
Let q be (-3)/2 + (-13)/2. Let t be (-88)/12 + q/(-6). Let r be -12*(81/t - -1). Calculate the greatest common factor of 15 and r.
15
Suppose -200 = -8*g + 4*g. What is the highest common factor of g and 75?
25
Let z = 22 - -48. Let u = 55 - 45. What is the greatest common divisor of u and z?
10
Let j = -190 + 202. Calculate the greatest common divisor of 2868 and j.
12
Suppose -57 + 277 = 4*f. Suppose -f = -3*i - 2*k - 2*k, 2*i - 5*k - 29 = 0. Let b be i + (-7)/(28/8). What is the greatest common factor of 105 and b?
15
Let p be 4 - (-4 - -3)*-1. Suppose 3*y = -p*y + 126. Suppose -2*q - 42 = -4*q. What is the greatest common factor of q and y?
21
Let y(c) = 11*c**2 + 1. Let x be y(1). Suppose -2*g + 3*b = -57, 10*g + 5*b = 8*g + 97. Calculate the highest common factor of x and g.
12
Let u = -4 - 4. Let v(j) = -3*j - 11. Let x be v(u). Let f be 518/x - 4/(-26). Calculate the highest common factor of f and 16.
8
Let v(u) = u**3 - 14*u**2 + 11*u - 1. Let h be v(13). Let b = h - -111. Calculate the greatest common factor of 12 and b.
12
Let b be (-15)/35 - ((-874)/14 - 0). What is the greatest common divisor of b and 2?
2
Suppose -3*k - 20 = -k. Let u(a) be the first derivative of a**4/4 + 11*a**3/3 + 5*a**2 + 3*a - 2. Let d be u(k). What is the highest common factor of d and 21?
3
Let s(l) = l**2 - 16*l + 10. Let t be s(16). Let m be (-6)/t + 112/20. Calculate the highest common divisor of m and 25.
5
Let j(a) be the third derivative of -3/2*a**3 - a**2 + 0*a + 0 + 1/6*a**4. Let s be j(6). Calculate the highest common divisor of s and 3.
3
Suppose 4*v - 3*b = -127, -3*b - 53 = v - 8*b. Let p = v + 56. Calculate the greatest common divisor of p and 4.
4
Suppose 2*i + 2 = 32. Suppose 4*o - 3*o - i = 0. Suppose 3*d + 4*k - 312 = -d, 0 = -2*d + 4*k + 138. What is the highest common factor of o and d?
15
Let d(q) be the first derivative of -q**3/3 + 7*q**2 + 3*q + 4. Let c be d(12). Let s = 53 + c. Calculate the highest common divisor of s and 32.
16
Let p(q) = 3*q**2 + 44*q - 28. Let t be p(-16). Let s(g) = 3*g - 3. Let a be s(9). Calculate the highest common divisor of t and a.
12
Suppose -3*t + 125 = -226. Suppose -5*x = -8 - t. Suppose 3*g - x = -16. What is the greatest common divisor of 9 and g?
3
Suppose -4*d - 2 + 110 = 0. Let c(s) = 0*s + 11*s - 15*s**2 - 4 - s**3 + 1 + 4*s**2. Let w be c(-12). Calculate the highest common divisor of d and w.
9
Let f(x) = -x**3 + 5*x**2 + 11*x + 30. Let n be f(7). Suppose 0 = 3*w - 7*w + 8. Suppose 180 = 6*r - w*r. Calculate the highest common divisor of r and n.
9
Suppose -100 = -5*a - 40. Let x be 3/a - 398/(-8). Suppose -3*w + 2*f + 27 = 6*f, 0 = 5*w + 5*f - x. What is the greatest common factor of 117 and w?
13
Let r(z) = -35*z + 4200. Let m be r(118). Suppose i = 6*i - 5*k - 85, -5*k = -i + 29. Calculate the greatest common factor of m and i.
14
Suppose -l - 7 = -0. Let m = -5 - l. Suppose 3*h = -m*h + 110. What is the greatest common factor of 2 and h?
2
Let m be (21/(-6))/(2/(-8)). Let z be m - (-2 - -4)*2. What is the greatest common divisor of z and 15?
5
Let n(j) = 7 + 2*j + 3*j**2 + 0 - 2 + 3*j. Let q be n(-4). Let c = 5 + -2. Calculate the greatest common factor of q and c.
3
Let h(f) = f. Let r be h(6). Let l(j) = -24*j - 27. Let n be l(-1). Let d be n/r*1*-54. What is the highest common factor of d and 135?
27
Suppose s + 4*l - 112 = 0, 2*s + l - 104 = 92. What is the greatest common factor of s and 160?
32
Let j = 32 - -21. Calculate the highest common divisor of 583 and j.
53
Let d(h) = 2*h - 4. Let x be d(7). Let c be 10*(-1 + x + 0). What is the highest common factor of c and 10?
10
Let k(d) = -d**3 + 3*d**2 + 6*d - 3. Let l be k(4). Suppose 2*g + l*g = 392. What is the highest common divisor of 8 and g?
8
Let n(y) = -5*y - 223. Let c be n(-47). What is the highest commo